 is 656 (base 9) in base 8?
1031
What is -110220 (base 4) in base 14?
-6a4
-a51 (base 12) to base 6
-10541
-160 (base 15) to base 13
-1b3
What is 30050 (base 7) in base 8?
16106
-407 (base 8) to base 14
-14b
What is 3378 (base 12) in base 14?
211a
-6819 (base 11) to base 7
-35110
What is 2176 (base 11) in base 7?
11233
Convert 489b (base 13) to base 9.
15068
What is 30211 (base 4) in base 16?
325
Convert 1001120 (base 3) to base 5.
11041
Convert -3224 (base 5) to base 7.
-1165
18b3 (base 12) to base 6
21543
a1 (base 13) to base 2
10000011
2330 (base 12) to base 10
3924
Convert -20169 (base 10) to base 5.
-1121134
What is -4760 (base 10) in base 9?
-6468
What is -1053032 (base 6) in base 15?
-10e1e
10a6 (base 11) to base 13
874
Convert 332 (base 4) to base 8.
76
Convert 10000 (base 2) to base 13.
13
Convert 2120b (base 13) to base 14.
17a60
Convert 11001010000011 (base 2) to base 5.
403211
7227 (base 8) to base 6
25143
What is 7399 (base 12) in base 8?
30545
-34144 (base 5) to base 11
-1904
Convert 333 (base 8) to base 6.
1003
-35901 (base 12) to base 4
-101213101
1682 (base 9) to base 2
10100001001
-12057 (base 9) to base 10
-8071
2534 (base 6) to base 8
1172
Convert 30b (base 16) to base 2.
1100001011
Convert -11202 (base 3) to base 10.
-128
What is -13538 (base 9) in base 13?
-424a
Convert 137750 (base 8) to base 16.
bfe8
What is 30313 (base 5) in base 10?
1958
Convert 13031 (base 4) to base 9.
562
What is 363 (base 10) in base 13?
21c
9c2 (base 13) to base 10
1679
What is a6 (base 12) in base 13?
99
Convert 13023 (base 7) to base 11.
2654
Convert 422 (base 8) to base 11.
22a
What is 221 (base 9) in base 8?
265
Convert -11ab (base 14) to base 12.
-1957
Convert -100101100101 (base 2) to base 11.
-1897
Convert -2ec (base 15) to base 9.
-826
11221102 (base 3) to base 16
e12
What is -12010200 (base 3) in base 12?
-2200
-200232 (base 4) to base 8
-4056
Convert -2455 (base 10) to base 11.
-1932
1463 (base 7) to base 16
248
Convert 15958 (base 10) to base 5.
1002313
2565 (base 7) to base 11
80a
Convert -8440 (base 10) to base 6.
-103024
-101110111010 (base 2) to base 5
-44002
What is -1619a (base 15) in base 11?
-49589
What is -628 (base 9) in base 16?
-200
Convert -1220010 (base 3) to base 11.
-1045
What is 403 (base 8) in base 16?
103
-4487 (base 10) to base 8
-10607
What is 24455 (base 6) in base 16?
e33
101001111100 (base 2) to base 6
20232
What is 1654 (base 7) in base 13?
400
What is aa7a (base 12) in base 3?
221210211
Convert 2b11 (base 12) to base 16.
13bd
Convert 52 (base 15) to base 14.
57
73514 (base 9) to base 7
261331
Convert 10121 (base 6) to base 7.
3631
Convert -3061 (base 7) to base 8.
-2060
What is -111101001011 (base 2) in base 10?
-3915
Convert 15050 (base 7) to base 6.
31115
Convert 104606 (base 7) to base 8.
44057
What is -461 (base 13) in base 16?
-2f3
Convert 1000202210 (base 3) to base 9.
30683
What is -304 (base 16) in base 15?
-367
What is -20144 (base 5) in base 10?
-1299
Convert 16642 (base 7) to base 12.
2927
What is 20b3 (base 16) in base 3?
102111001
Convert 964 (base 12) to base 16.
55c
Convert 616 (base 16) to base 6.
11114
What is -2483 (base 16) in base 12?
-54ab
-110110011001 (base 2) to base 4
-312121
What is -4442413 (base 5) in base 10?
-77858
Convert -585 (base 9) to base 16.
-1e2
Convert -100010000000 (base 2) to base 16.
-880
1012001222 (base 3) to base 13
a847
What is 20011110 (base 3) in base 16?
118e
270a (base 14) to base 4
1223112
Convert 212220 (base 3) to base 8.
1205
What is 170 (base 11) in base 13?
123
What is -10300310 (base 4) in base 6?
-230152
What is 781 (base 14) in base 5?
21420
What is 221122220 (base 3) in base 13?
8691
-1470 (base 9) to base 4
-101130
4113 (base 5) to base 3
201202
Convert -103303 (base 5) to base 12.
-20a2
What is -13420 (base 5) in base 16?
-456
Convert -10011000000 (base 2) to base 3.
-1200001
-10794 (base 14) to base 8
-115756
Convert b66 (base 13) to base 5.
30233
What is 5e1e (base 15) in base 3?
1000111202
Convert 2121201 (base 3) to base 5.
30114
What is -1001001101010010 (base 2) in base 8?
-111522
What is 1589 (base 15) in base 2?
1001000010101
What is -719 (base 15) in base 16?
-63f
What is -861 (base 12) in base 10?
-1225
Convert -985 (base 11) to base 8.
-2236
What is 331031 (base 4) in base 12?
2325
Convert -10123123 (base 4) to base 15.
-5594
Convert -101100000 (base 2) to base 4.
-11200
Convert 2412 (base 5) to base 3.
111020
Convert -204 (base 8) to base 2.
-10000100
What is 28337 (base 9) in base 12?
b167
-45035 (base 8) to base 14
-6cb3
Convert -10430243 (base 5) to base 6.
-1552325
What is 20010 (base 4) in base 11?
42a
Convert -3b13 (base 15) to base 10.
-12618
Convert -6167 (base 12) to base 11.
-7a59
Convert -1412112 (base 5) to base 15.
-8907
Convert 11c (base 14) to base 5.
1342
Convert -123002 (base 4) to base 10.
-1730
Convert -20033 (base 5) to base 15.
-598
17465 (base 10) to base 4
10100321
560 (base 12) to base 2
1100011000
-3bd7 (base 14) to base 12
-6155
-1110102 (base 3) to base 15
-4ae
-110010000001 (base 2) to base 13
-15c3
-d53 (base 16) to base 5
-102121
-26047 (base 9) to base 14
-656b
What is -20721 (base 8) in base 11?
-6560
Convert 133031 (base 5) to base 12.
3153
Convert -10000000010111 (base 2) to base 9.
-12237
-2210 (base 4) to base 8
-244
-5747 (base 10) to base 12
-33ab
Convert -102203 (base 6) to base 4.
-2001123
Convert -2870 (base 10) to base 7.
-11240
Convert 333311 (base 5) to base 12.
6936
-1551 (base 6) to base 5
-3202
What is -1610 (base 7) in base 8?
-1204
Convert 2271 (base 9) to base 14.
884
1b (base 14) to base 6
41
331 (base 11) to base 16
18d
Convert -9c0 (base 13) to base 3.
-2022010
What is 101101 (base 2) in base 14?
33
Convert 18536 (base 9) to base 3.
122121020
10400 (base 6) to base 4
112200
What is -31f (base 16) in base 5?
-11144
Convert -201011 (base 3) to base 13.
-30a
What is -1a50 (base 11) in base 4?
-220210
What is 989c (base 15) in base 10?
32322
31a (base 11) to base 10
384
-1016b (base 13) to base 14
-a707
-28679 (base 10) to base 3
-1110100012
What is 12110 (base 5) in base 4?
32021
4055 (base 6) to base 13
542
Convert -13322013 (base 4) to base 16.
-7e87
What is -1033320 (base 5) in base 12?
-a488
What is 2112202 (base 5) in base 11?
24583
Convert 203124 (base 5) to base 4.
1220020
What is 243130 (base 5) in base 11?
6982
Convert 222212100 (base 3) to base 13.
8bb6
-39 (base 11) to base 2
-101010
Convert a98 (base 16) to base 9.
3643
Convert -177 (base 11) to base 8.
-315
Convert 9147 (base 10) to base 3.
110112210
12451 (base 8) to base 16
1529
What is -1138 (base 9) in base 13?
-500
Convert -11610 (base 7) to base 8.
-5745
-10110010101 (base 2) to base 12
-9b1
What is -5043 (base 8) in base 2?
-101000100011
What is -3273 (base 11) in base 15?
-142a
Convert -41b9 (base 12) to base 10.
-7197
What is -11544 (base 8) in base 12?
-2a58
Convert -166e6 (base 16) to base 12.
-45206
What is -2040b (base 12) in base 4?
-22101023
Convert 3638 (base 11) to base 3.
20112022
What is 37a2 (base 15) in base 8?
27114
469a (base 14) to base 11
9261
Convert 41804 (base 10) to base 2.
1010001101001100
Convert c68f (base 16) to base 7.
301124
Convert -110350 (base 6) to base 8.
-21772
-6c13 (base 15) to base 10
-22968
What is -14020 (base 7) in base 3?
-12012021
101110011 (base 2) to base 7
1040
2241 (base 7) to base 9
1103
Convert 320030 (base 4) to base 6.
24352
-11431 (base 7) to base 14
-1118
Convert 1340 (base 5) to base 13.
13c
Convert -38b (base 14) to base 11.
-597
-1554 (base 6) to base 9
-527
What is -1000000010011 (base 2) in base 10?
-4115
What is -d1 (base 14) in base 2?
-10110111
Convert 13412 (base 5) to base 16.
453
Convert -1d4 (base 15) to base 12.
-2b4
b814 (base 13) to base 7
134310
What is -20126 (base 8) in base 5?
-231103
What is 1051 (base 6) in base 7?
502
What is 216 (base 11) in base 5?
2014
What is 252a (base 12) in base 16?
1072
Convert 544 (base 11) to base 3.
220012
What is -15a (base 12) in base 6?
-554
-104 (base 12) to base 2
-10010100
201020000 (base 3) to base 6
144513
728 (base 12) to base 16
410
Convert -5b9a (base 12) to base 15.
-30e7
a754 (base 14) to base 15
885b
What is -3275 (base 16) in base 13?
-5b58
Convert -1253140 (base 6) to base 13.
-25782
Convert -11101